6
Let k(j) = 10*j**2 + 11. Calculate k(-3).
101
Let s(y) = -y**2 + 21*y - 37. Determine s(19).
1
Let a(x) = x**3 + 6*x**2 - 8*x - 7. Give a(-6).
41
Let q(o) = -7*o - 19. What is q(-5)?
16
Let b(d) = 4*d + 8. Calculate b(-2).
0
Let v(b) = b**3 - 6*b**2 + 4*b + 1. Calculate v(5).
-4
Let q(s) = s**3 + 8*s**2 + 15*s + 14. Determine q(-6).
-4
Let g(k) = -k**2 - 13*k + 30. Give g(6).
-84
Let h(b) = b**2 - 26*b + 102. What is h(21)?
-3
Let p(x) = -x**2 + 15*x - 27. Give p(12).
9
Let z(s) = -16*s - 669. Determine z(-41).
-13
Let v(x) = -x + 60. Give v(20).
40
Let t(w) = -9*w - 22. Calculate t(-3).
5
Let b(u) = -21*u + 46. What is b(2)?
4
Let p(c) = c**3 - 5*c + 2. Determine p(3).
14
Let q(a) = -a + 5. Calculate q(0).
5
Let y(g) = -2*g - 6. Determine y(-4).
2
Let x(q) = -q**3 - 3*q**2 + 13*q - 3. Determine x(3).
-18
Let r(s) = s**3 + 8*s**2 + 12*s - 10. Give r(-6).
-10
Let u(r) = -3*r - 79. Determine u(-28).
5
Let f(l) = 2*l**2 + 3*l - 11. Calculate f(-5).
24
Let s(c) = -c**3 + 14*c**2 - 35*c + 27. Determine s(11).
5
Let b(o) = o**2 - 13*o + 26. What is b(4)?
-10
Let h(z) = -z**3 - 3*z**2 + z. Calculate h(-2).
-6
Let s(i) = -i**3 - 31*i**2 - 84*i + 7. What is s(-28)?
7
Let b(x) = -x + 29. Give b(-11).
40
Let x(z) = z + 17. Calculate x(-8).
9
Let p(u) = 6*u - 64. Give p(10).
-4
Let h(r) = 2*r**3 - 2*r**2 - 2*r - 4. Give h(3).
26
Let i(r) = r**3 - 12*r**2 - 23*r + 106. Give i(13).
-24
Let a(b) = b**3 - 6*b**2 + 7*b + 10. What is a(5)?
20
Let z(q) = 3*q + 15. What is z(-8)?
-9
Let x(f) = -f**2 - 29*f - 42. Calculate x(-28).
-14
Let u(j) = 6*j - 31. Determine u(15).
59
Let d(a) = -21*a - 2. Determine d(1).
-23
Let k(n) = -n**3 - n**2 - 5*n - 7. Calculate k(-2).
7
Let x(k) = k**3 - 20*k**2 + 26*k - 95. Give x(19).
38
Let z(u) = u**3 - 12*u**2 - 18*u + 5. What is z(13)?
-60
Let y(f) = -3*f + 11. What is y(10)?
-19
Let j(t) = t**3 - 7*t**2 + 35*t - 184. What is j(6)?
-10
Let r(w) = w**2 + 28*w - 37. Give r(-26).
-89
Let w(u) = -2*u**3 + 19*u**2 + 11*u - 7. What is w(10)?
3
Let q(u) = u**3 + 2*u**2 - 19*u + 10. Give q(3).
-2
Let b(k) = -13*k + 3. Calculate b(2).
-23
Let q(t) = t**2 + t - 22. What is q(5)?
8
Let k(y) = -y - 18. Determine k(-6).
-12
Let z(b) = b**2 + 15*b + 8. Determine z(-14).
-6
Let b(v) = 2*v**3 - 2*v**2 - 3*v - 1. Determine b(3).
26
Let a(c) = c + 14. What is a(-6)?
8
Let n(s) = -s**3 + 3*s**2 - 4*s + 3. Calculate n(3).
-9
Let q(z) = -z**2 - 21*z - 28. Calculate q(-19).
10
Let u(s) = -s + 4. Calculate u(-16).
20
Let s(u) = u**3 + 7*u**2 + 8*u + 5. Give s(-5).
15
Let a(m) = -m**2 + 17*m. What is a(15)?
30
Let y(g) = -g**2 - 9*g + 12. Determine y(-12).
-24
Let r(x) = x**2 - 2*x + 1. Give r(-4).
25
Let w(v) = -6*v - 14. What is w(-3)?
4
Let l(f) = -2*f**3 + 9*f**2 + 15*f + 19. What is l(6)?
1
Let h(q) = -q**3 - 2*q + 6. Calculate h(0).
6
Let s(n) = -n**2 + 15*n + 52. Calculate s(17).
18
Let v(y) = y**3 - 10*y**2 - 15*y - 7. Give v(12).
101
Let n(c) = c**2 - 2*c + 12. Determine n(-5).
47
Let r(v) = 2*v**3 + v - 17. Calculate r(0).
-17
Let a(h) = -2*h**3 + 14*h**2 + 16. What is a(7)?
16
Let k(b) = -b**3 - 4*b**2 + 9*b + 7. What is k(-6)?
25
Let x(d) = -d**2 - 5*d + 3. Calculate x(-4).
7
Let i(m) = m**3 - 3*m**2 + 3*m. Determine i(2).
2
Let c(h) = -h**3 - 5*h**2 + 3*h + 4. Calculate c(-6).
22
Let r(j) = -2*j - 25. Calculate r(-10).
-5
Let b(z) = -z - 21. Calculate b(-18).
-3
Let b(s) = s**3 - 10*s**2 - 26*s + 14. Calculate b(12).
-10
Let o(x) = -x**3 - 8*x**2 - 13*x - 8. Give o(-2).
-6
Let v(p) = p**3 + 8*p**2 + 52*p + 206. Determine v(-5).
21
Let x(l) = 2*l**3 + 4*l**2 + l - 2. Determine x(-2).
-4
Let t(h) = -h**2 + 40*h - 406. Determine t(21).
-7
Let c(j) = -3*j + 18. What is c(5)?
3
Let b(f) = -4*f**2 + 18*f + 126. Calculate b(-4).
-10
Let n(t) = t**2 + 10*t - 12. Determine n(-11).
-1
Let h(g) = -g**2 - 9*g - 9. Give h(-7).
5
Let k(t) = t + 26. Calculate k(-20).
6
Let f(n) = n**2 + 12*n - 29. Calculate f(-14).
-1
Let a(w) = w**2 - 6*w - 8. What is a(4)?
-16
Let f(a) = -a**3 - 12*a**2 - 19*a - 15. Calculate f(-10).
-25
Let m(h) = -h**2 - 7*h - 10. What is m(-3)?
2
Let g(i) = -i**3 + 6*i**2 - 12*i + 9. Determine g(4).
-7
Let f(u) = 2*u**2 - u - 4. Determine f(-2).
6
Let a(l) = -l - 3. Give a(-4).
1
Let i(b) = -b**3 - 8*b**2 - 3*b - 16. Calculate i(-8).
8
Let n(p) = 2*p**3 - 30*p**2 - p + 20. What is n(15)?
5
Let n(i) = -i**2 + 9*i - 14. Determine n(7).
0
Let p(x) = -233*x + 702. Calculate p(3).
3
Let g(p) = -p**3 + 16*p**2 - 10*p - 59. Determine g(15).
16
Let a(z) = 5*z + 23. Determine a(-5).
-2
Let t(z) = 5*z + 12. Determine t(-5).
-13
Let n(t) = -t**2 - 2*t + 3. Determine n(5).
-32
Let i(u) = 2*u**3 - u**2 - 7*u + 8. What is i(2)?
6
Let z(j) = -15*j - 838. What is z(-56)?
2
Let y(h) = -37*h - 81. Give y(-2).
-7
Let p(k) = 10*k + 111. Calculate p(-11).
1
Let m(z) = z**3 + 9*z**2 - z - 12. Determine m(-9).
-3
Let r(h) = -10*h + 1. Calculate r(-1).
11
Let a(t) = t**3 + 5*t**2 + 4*t + 8. What is a(-4)?
8
Let p(v) = -v**3 - 7*v**2 - v - 8. What is p(-7)?
-1
Let f(j) = -j**3 - 4*j**2 - 13*j - 1. Give f(-5).
89
Let q(a) = a**3 - 8*a**2 + 9*a - 43. Give q(7).
-29
Let r(a) = 2*a**2 - 2*a - 93. What is r(-7)?
19
Let q(n) = 50*n + 503. Calculate q(-10).
3
Let n(b) = -2*b - 13. Determine n(-10).
7
Let r(v) = -v**2 - 15*v + 16. Calculate r(-16).
0
Let l(s) = 7*s**3 + s**2 - 3*s + 1. What is l(1)?
6
Let l(s) = s**3 - 4*s**2 + s + 6. Calculate l(4).
10
Let s(h) = -3*h**3 - 4*h + 5. What is s(2)?
-27
Let o(g) = 6*g - 34. Calculate o(8).
14
Let n(q) = q**2 - 3*q - 35. What is n(9)?
19
Let r(x) = x - 8. Give r(0).
-8
Let v(a) = -a**3 - 26*a**2 + 57*a + 35. What is v(-28)?
7
Let m(n) = n**2 + 22*n - 24. What is m(-23)?
-1
Let q(b) = -b - 5. Determine q(3).
-8
Let d(i) = i**2 - i - 26. Give d(0).
-26
Let r(n) = -n**2 - 18*n - 48. Give r(-12).
24
Let s(x) = x**3 - 6*x**2 + 2*x + 10. Calculate s(5).
-5
Let v(j) = j**2 - 6*j - 24. Determine v(0).
-24
Let f(o) = o**3 - 18*o - 27. Determine f(-2).
1
Let f(j) = -2*j**2 + 4. What is f(5)?
-46
Let z(h) = -h**2 + 122*h + 371. Give z(-3).
-4
Let c(t) = 6*t - 10. Give c(3).
8
Let k(r) = -172*r + 517. Determine k(3).
1
Let f(r) = -6*r + 146. Determine f(24).
2
Let d(v) = -v**3 - 8*v**2 - 11*v + 5. Give d(-6).
-1
Let t(z) = -33*z - 202. What is t(-6)?
-4
Let j(l) = l**3 + 2*l**2 + 3*l - 1. Give j(-3).
-19
Let p(y) = -y**3 + 7*y**2 - 9*y + 2. Calculate p(6).
-16
Let z(d) = -d**3 - 4*d**2 + d + 12. Give z(-4).
8
Let g(p) = -4*p - 8. Determine g(-4).
8
Let n(l) = 3*l + 10. Calculate n(-1).
7
Let g(o) = o**2 + 10*o + 5. Give g(-7).
-16
Let y(s) = -s**3 - 3*s**2 + 7*s - 2. What is y(-4)?
-14
Let f(z) = -16*z**3 + z**2 + 5*z - 5. What is f(1)?
-15
Let m(n) = 7*n**2 - 2*n. What is m(-1)?
9
Let x(c) = 5*c - 5. What is x(2)?
5
Let h(j) = 2*j + 16. Calculate h(-8).
0
Let f(p) = p**2 + 2*p - 6. Calculate f(-3).
-3
Let y(i) = -32*i - 136. Give y(-4).
-8
Let w(l) = 6*l + 290. Calculate w(-49).
-4
Let t(z) = -z**2 - 17*z + 34. What is t(-19)?
-4
Let z(c) = -3*c + 14. Give z(-4).
26
Let j(g) = g**3 - 19*g**2 - 20*g + 13. Determine j(20).
13
Let t(i) = 3*i**2 + 32*i - 2. What is t(-13)?
89
Let u(a) = a**3 - 11*a**2 + 18*a + 55. Give u(8).
7
Let n(w) = w**3 - 6*w**2 + 9*w - 4. Determine n(6).
50
Let n(d) = -d**3 + 30*d**2 + 3. Calculate n(30).
3
Let c(n) = n**3 - 6*n**2 + 11*n - 8. Determine c(3).
-2
Let v(f) = f**3 + 6*f**2 - 4*f - 26. Calculate v(-6).
-2
Let g(k) = -2*k - 21. Give g(7).
-35
Let q(c) = c**3 - 7*c**2 + 9*c - 10. Calculate q(6).
8
Let v(o) = o**3 + 3*o**2 + 2*o. Determine v(-3).
-6
Let r(d) = -d**3 + 9*d**2 - 17*d + 2. Determine r(7).
-19
Let x(k) = -k - 3. Give x(12).
-15
Let y(o) = o**3 - 13*o**2 + 2*o - 12. What is y(13)?
14
Let o(u) = u**3 + 4*u**2 + u + 3. Calculate o(-5).
-27
Let u(t) = 6*t**2 + 3*t + 1. Determine u(-1).
4
Let l(h) = 3*h**2 - 28*h - 14. What is l(10)?
6
Let z(b) = b**3 - 2*b**2 - 12*b + 5. What is z(5)?
20
Let d(v) = -15*v + 76. Give d(5).
1
Let b(o) = 2*o**3 - 5*o + 6. Determine b(4).
114
Let f(q) = 2*q**3 + 19*q**2 - 13*q - 4. What is f(-10)?
26
Let q(d) = -d**3 + 17*d**2 - 17*d - 10. Determine q(16).
-26
Let d(i) = -i**3 - 17*i**2 - 16*i - 1. Give d(-16).
-1
Let r(s) = -s**3 - 4*s**2 + 4*s - 2. Determine r(2).
-18
Let y(f) = 4*f**2 + 19*f + 13. Give y(-6).
43
Let j(n) = -6*n - 5. Determine j(-8).
